 is the hundreds digit of 24047463?
4
What is the millions digit of 90224551?
0
What is the thousands digit of 277860052?
0
What is the units digit of 699214620?
0
What is the millions digit of 6018226?
6
What is the units digit of 26434804?
4
What is the hundred thousands digit of 9103001?
1
What is the thousands digit of 9010085?
0
What is the hundred thousands digit of 8639453?
6
What is the hundred millions digit of 530310872?
5
What is the tens digit of 2106459679?
7
What is the ten thousands digit of 852820026?
2
What is the hundred thousands digit of 298998665?
9
What is the hundred millions digit of 1919345740?
9
What is the millions digit of 3807235173?
7
What is the tens digit of 3206693537?
3
What is the millions digit of 1771600209?
1
What is the millions digit of 1970273992?
0
What is the thousands digit of 1575771053?
1
What is the hundred thousands digit of 177790218?
7
What is the ten thousands digit of 150000379?
0
What is the thousands digit of 939179203?
9
What is the hundred millions digit of 379477395?
3
What is the hundred thousands digit of 38476561?
4
What is the ten millions digit of 2106513842?
0
What is the hundreds digit of 1618207998?
9
What is the units digit of 31961897?
7
What is the thousands digit of 80802875?
2
What is the hundreds digit of 49930691?
6
What is the units digit of 384110678?
8
What is the units digit of 524271727?
7
What is the ten thousands digit of 60713421?
1
What is the billions digit of 2038348751?
2
What is the ten thousands digit of 1638384417?
8
What is the units digit of 8992884?
4
What is the hundred thousands digit of 659836307?
8
What is the tens digit of 15603756?
5
What is the ten thousands digit of 59050396?
5
What is the ten millions digit of 59706160?
5
What is the tens digit of 708251076?
7
What is the hundred millions digit of 528218740?
5
What is the units digit of 3974871561?
1
What is the hundred thousands digit of 54874300?
8
What is the millions digit of 40790489?
0
What is the ten thousands digit of 1526873566?
7
What is the thousands digit of 41296501?
6
What is the hundreds digit of 2546043485?
4
What is the ten thousands digit of 28672889?
7
What is the hundred thousands digit of 65260047?
2
What is the tens digit of 2484552573?
7
What is the billions digit of 2547278096?
2
What is the thousands digit of 113718604?
8
What is the millions digit of 112876228?
2
What is the hundred thousands digit of 14224646?
2
What is the ten thousands digit of 75005512?
0
What is the billions digit of 1938290821?
1
What is the tens digit of 4826668244?
4
What is the ten millions digit of 46146721?
4
What is the ten millions digit of 58852978?
5
What is the units digit of 5980003556?
6
What is the hundred thousands digit of 603581833?
5
What is the ten millions digit of 255393655?
5
What is the hundreds digit of 76414470?
4
What is the millions digit of 68948122?
8
What is the ten millions digit of 739368864?
3
What is the ten thousands digit of 665823214?
2
What is the millions digit of 74928887?
4
What is the thousands digit of 40178167?
8
What is the millions digit of 224572482?
4
What is the thousands digit of 816399064?
9
What is the ten thousands digit of 1314444491?
4
What is the thousands digit of 2006758960?
8
What is the hundreds digit of 6995116395?
3
What is the hundreds digit of 775022761?
7
What is the hundreds digit of 4047950362?
3
What is the millions digit of 4164228176?
4
What is the thousands digit of 224631463?
1
What is the tens digit of 334531330?
3
What is the hundred millions digit of 521276145?
5
What is the units digit of 85249740?
0
What is the hundred thousands digit of 147367787?
3
What is the tens digit of 1340705463?
6
What is the hundreds digit of 6226397237?
2
What is the hundred millions digit of 4854994070?
8
What is the millions digit of 19503082?
9
What is the tens digit of 56547006?
0
What is the tens digit of 167120225?
2
What is the tens digit of 247166559?
5
What is the billions digit of 4271874039?
4
What is the ten millions digit of 41170691?
4
What is the tens digit of 1707520672?
7
What is the hundreds digit of 30969401?
4
What is the millions digit of 1323595424?
3
What is the thousands digit of 375508488?
8
What is the thousands digit of 18277953?
7
What is the millions digit of 72434601?
2
What is the ten millions digit of 667985165?
6
What is the ten thousands digit of 81389270?
8
What is the tens digit of 3317069009?
0
What is the tens digit of 10366255?
5
What is the ten thousands digit of 51031256?
3
What is the ten thousands digit of 3424898458?
9
What is the hundreds digit of 475654268?
2
What is the millions digit of 468955376?
8
What is the hundred thousands digit of 109992912?
9
What is the hundreds digit of 1070273296?
2
What is the hundred millions digit of 3968201398?
9
What is the millions digit of 2538851590?
8
What is the millions digit of 76607360?
6
What is the ten thousands digit of 202584693?
8
What is the thousands digit of 234561640?
1
What is the hundred thousands digit of 465188388?
1
What is the thousands digit of 19918938?
8
What is the hundred thousands digit of 2549835151?
8
What is the millions digit of 2367706944?
7
What is the ten thousands digit of 3927892220?
9
What is the ten millions digit of 1509358793?
0
What is the millions digit of 300791102?
0
What is the ten millions digit of 813514779?
1
What is the thousands digit of 4020447588?
7
What is the tens digit of 62430790?
9
What is the hundred thousands digit of 37318154?
3
What is the thousands digit of 891645322?
5
What is the tens digit of 29232007?
0
What is the hundreds digit of 966017105?
1
What is the units digit of 35017303?
3
What is the thousands digit of 6137293912?
3
What is the ten millions digit of 39502410?
3
What is the tens digit of 126903108?
0
What is the hundred millions digit of 874084700?
8
What is the tens digit of 573050811?
1
What is the thousands digit of 27569351?
9
What is the hundred millions digit of 573910782?
5
What is the hundred millions digit of 146156863?
1
What is the hundred thousands digit of 1512601075?
6
What is the hundred thousands digit of 244341848?
3
What is the millions digit of 126359386?
6
What is the tens digit of 98651945?
4
What is the thousands digit of 57807635?
7
What is the thousands digit of 283030920?
0
What is the hundred millions digit of 888282456?
8
What is the tens digit of 127105066?
6
What is the units digit of 44769905?
5
What is the ten thousands digit of 361948826?
4
What is the thousands digit of 12901168?
1
What is the hundred millions digit of 3548962483?
5
What is the tens digit of 730605221?
2
What is the hundred millions digit of 128563642?
1
What is the hundreds digit of 369720399?
3
What is the tens digit of 147987807?
0
What is the millions digit of 337284565?
7
What is the thousands digit of 557899563?
9
What is the tens digit of 35486473?
7
What is the ten thousands digit of 28977765?
7
What is the units digit of 40717660?
0
What is the tens digit of 321138264?
6
What is the millions digit of 1769289623?
9
What is the units digit of 635980206?
6
What is the ten thousands digit of 65208941?
0
What is the tens digit of 1083805248?
4
What is the units digit of 38817718?
8
What is the hundred thousands digit of 488343868?
3
What is the hundreds digit of 1100928622?
6
What is the millions digit of 2511281508?
1
What is the millions digit of 54796801?
4
What is the hundreds digit of 613767777?
7
What is the hundred millions digit of 272085869?
2
What is the ten thousands digit of 4739793762?
9
What is the thousands digit of 488451914?
1
What is the tens digit of 510578010?
1
What is the tens digit of 309033129?
2
What is the hundred millions digit of 1754825477?
7
What is the ten millions digit of 297750143?
9
What is the tens digit of 351912228?
2
What is the hundred thousands digit of 307100497?
1
What is the thousands digit of 54270603?
0
What is the tens digit of 34122842?
4
What is the ten millions digit of 169625414?
6
What is the hundred thousands digit of 29922111?
9
What is the millions digit of 525335479?
5
What is the units digit of 159540536?
6
What is the hundred millions digit of 999521261?
9
What is the ten thousands digit of 36261054?
6
What is the millions d